t y(i) = i + 1. Let x(d) = 2*d**2 + 10*d + 5. Let q be 2*1/((-4)/(-2)). Let r(s) = q*x(s) - 3*y(s). Calculate the remainder when r(-5) is divided by 9.
8
Let i be (-884)/(-6) + 11/(-33). Suppose 2*b + b = i. Calculate the remainder when b is divided by 25.
24
Suppose -2*f + 0*f + 4 = 0. Let a be 1*-4*(-1)/f. Suppose -a*y + o + o + 56 = 0, 2*o - 44 = -2*y. Calculate the remainder when y is divided by 13.
12
Let y(o) = o**3 - 3*o**2 + 2*o - 2. Let n be y(4). Let i = -11 + n. Let c(u) = 5*u + 2. Calculate the remainder when c(6) is divided by i.
10
Suppose 5*y + 96 = 2*y. Let w = y + 49. What is the remainder when 31 is divided by w?
14
Let c(v) be the third derivative of 17*v**4/24 - 11*v**3/6 + 9*v**2. What is the remainder when c(5) is divided by 25?
24
Suppose -b - 3*b - 4*v + 44 = 0, -4*b + 20 = -2*v. What is the remainder when 83 is divided by b?
6
Let m(f) = -5*f - 8. Let x(q) = -q - 1. Let u be 2/4*(-3 + 1). Let v(z) = u*m(z) + 3*x(z). What is the remainder when v(6) is divided by 6?
5
Suppose -1115 + 380 = -15*d. Calculate the remainder when d is divided by 13.
10
Let p = -54 + -24. Let s be -2 - (0 + -1 - 4). Calculate the remainder when 18 is divided by s/12 + p/(-8).
8
Let v = 42 + -18. What is the remainder when 44 is divided by v?
20
Suppose -4*f = -3*m - 31, 3*f = -m + 4*m + 24. Calculate the remainder when f is divided by 4.
3
Let i(q) = -q**3 + q**2 + q + 3. Let t be i(0). Suppose t*z = -2*m + 2, 0 = -z - 0*m + 5*m + 29. What is the remainder when z is divided by 3?
1
Calculate the remainder when 58 is divided by ((27/6)/3)/((-3)/(-40)).
18
Suppose 5*v = n + 185, -4*n = 2*v - 0*n - 74. Suppose -2 = 3*x - x. Let j = 12 - x. Calculate the remainder when v is divided by j.
11
Let k(y) = -48*y**3 - 2*y**2 + 2. What is the remainder when 142 is divided by k(-1)?
46
What is the remainder when 158 is divided by -1*-6*40/15?
14
Suppose 10 = 2*p, 12 = -d - 3*p + 7*p. Let z(q) = q**2 - 8*q + 6. Calculate the remainder when 17 is divided by z(d).
5
Let g = 11 - 8. Suppose 4*c = 0, 0*n - g*n + 24 = 5*c. Calculate the remainder when 29 is divided by n.
5
What is the remainder when 33 is divided by 4/14 - 328/(-28)?
9
Suppose -3*q + 13 = -5*u, -q - q - 4*u = -16. Suppose 3 = 2*i - 1. Calculate the remainder when q is divided by i.
0
Let g = -37 - -106. What is the remainder when g is divided by 24?
21
Let v = 3 - 2. Suppose 0 = d - 5 + 2. What is the remainder when d is divided by v?
0
Calculate the remainder when 72 is divided by 5/((7/3)/7).
12
Let m = -3 - -5. Suppose 0 = -t + m*k + 10, 3*t - k = -2*t + 14. Suppose -3*d + 4*j = -6*d + 35, -t*d + 8 = -5*j. What is the remainder when 26 is divided by d?
8
Suppose -2*l = 4, 2*l + 1 = -q + 2. Suppose m + 4*x + 12 = 0, 4*x - 4 = -q*m - 0. Calculate the remainder when 10 is divided by m.
2
Let f(y) = -y - 3. Let s be f(-4). Let c be ((-1)/1)/(s - 2). Calculate the remainder when 3 - (2 + c + -1) is divided by 1.
0
Suppose 0 = -0*i - i + 3*w + 15, -2*w + 60 = 4*i. Calculate the remainder when 56 is divided by i.
11
Suppose -2*b + 5 + 3 = 0. What is the remainder when 37 is divided by ((-13)/(-1))/(b + -3)?
11
Let p(g) = g + 1. Let w be p(2). Let k = w + 0. What is the remainder when (-18 + -1)*(2 - k) is divided by 7?
5
Let n be 10*((-21)/6)/(-7). Suppose -3*i - 46 = -n*i. Calculate the remainder when i is divided by 2/3*(1 + 17).
11
Suppose 0 = 2*m - 0 - 2, -7 = -3*n + 5*m. Suppose -5*d + 125 = -5*i, 4*i - 26 - 74 = -n*d. Suppose 3*l = 34 - 7. What is the remainder when d is divided by l?
7
Suppose -w - x + 10 = 0, x + 36 = 3*w + 6*x. Let z(d) = d**3 - 7*d**2 + 2*d + 3. What is the remainder when z(w) is divided by (3/(-4))/((-2)/24)?
8
Let p be (8/4)/(0 - 1). What is the remainder when 62 is divided by ((-33)/55)/(p/30)?
8
Let j be (-2)/(0 + (0 - 1)). Suppose s - 12 = -b, j*s - 3*s = 5*b - 52. Suppose m + 0*m = 19. What is the remainder when m is divided by b?
9
Let r = 72 - 33. Suppose -2*w - 18 = -g, -5*w - 66 = -4*g - 0*g. Calculate the remainder when r is divided by g.
11
Let u(q) = q**2 - 9*q + 9. Let m be u(9). Let k = -4 + m. Suppose 4*x - 4*v - v - 72 = 0, k*v - 6 = -2*x. Calculate the remainder when 38 is divided by x.
12
Let t(z) = 4*z**2 - 4*z - 2. Let k(y) = 2*y**2 - 6*y + 5. Calculate the remainder when k(-5) is divided by t(-2).
19
Let f(r) = 2*r + 8 - 2*r + 2*r - 3*r. Let g = 2 - -1. What is the remainder when g is divided by f(5)?
0
Suppose 3*f + 3 + 12 = 3*a, 20 = -3*f - 2*a. Let b = f + 9. What is the remainder when 7 is divided by b?
1
Let b = 2 + 20. Suppose -a + b = -1. What is the remainder when a is divided by 8?
7
What is the remainder when (-78)/(-18) + -5 + 62/3 is divided by 6?
2
Calculate the remainder when 8 is divided by (72/32)/((-3)/(-8)).
2
Let y(z) = -z**3 - 16*z**2 - 14*z + 18. What is the remainder when 10 is divided by y(-15)?
1
Let h = 77 - 42. What is the remainder when h is divided by 20?
15
Let g(i) = i + 2. Calculate the remainder when 26 is divided by g(15).
9
Suppose 5*u - 36 = 2*o - 6*o, -u = -4. What is the remainder when 38 is divided by o?
2
Let p be (-2)/10 + 12/10. Let f = 0 + p. Calculate the remainder when 4 is divided by ((-4)/1)/(f - 3).
0
Let y(u) = -u**2 + 10*u - 5. Let d be y(7). Suppose 2*c - 7*x - 65 = -2*x, -3*x - 63 = -2*c. What is the remainder when c is divided by 0/6 - (0 - d)?
14
Suppose -338 = -4*l + 502. Suppose -5*j - 70 + l = 0. What is the remainder when j is divided by (16/40)/((-2)/(-50))?
8
Suppose 0 = 5*y + 4*o, 3*o = -3*y - 0*y - 3. Calculate the remainder when 61 is divided by 4/16 + 83/y.
19
Suppose 5*b + 3*a - 35 = 0, 8*a = 3*b + 3*a + 13. Suppose -g = b*g - 320. Let p = g + -42. What is the remainder when p is divided by 12?
10
Suppose 19 = u + 2*o + 6, -2*o + 28 = 2*u. What is the remainder when 51 is divided by 3 + 0/2 + u?
15
Let z = -48 - -88. Let t = z - 5. Let b(y) = -12*y. What is the remainder when t is divided by b(-1)?
11
Suppose c = 3*c + 16. Let m(n) = n**3 + 7*n**2 - 8*n + 8. Suppose 0 = -0*t + t - 23. Calculate the remainder when t is divided by m(c).
7
Suppose 10 + 2 = 4*p. Suppose -c = -d - 4, -4*c + 2*d = -6*c + 4. Calculate the remainder when c is divided by p.
0
Let v = 7 + 17. Calculate the remainder when 69 is divided by v.
21
Let t be 1/(-5) + 116/5. Suppose t = -5*l + 83. What is the remainder when 35 is divided by l?
11
Calculate the remainder when 2/(-10) + 692/10 is divided by 35/2 - (-11)/22.
15
Suppose 0 = -6*r + 9*r - 255. Suppose 0 = -4*p + 5*y + 111, -y = -4*p - 0*y + 115. What is the remainder when r is divided by p?
27
Let k(q) = -q**3 + 6*q**2 - 4*q - 2. Let n(f) = 2*f**3 - 13*f**2 + 9*f + 4. Let p(r) = -5*k(r) - 3*n(r). Calculate the remainder when p(7) is divided by 12.
11
Suppose -5*d + 32 = 5*x - 8, -2*x + 5*d = 19. Suppose 4*i - 192 = -4*l, -4*l - x*i = -9*l + 264. What is the remainder when l is divided by 13?
12
Let w(o) = -o**2 - 6*o - 1. Let c be w(-6). What is the remainder when 13 + (2 - 1 - 1) is divided by -7*(-1 + 1 + c)?
6
Suppose 3*r + 4*w = -13, -r + 0*r - 7 = 2*w. Let k = -8 + 10. Calculate the remainder when k is divided by r.
0
Suppose -3*n + 51 = 4*i - 148, 5*i = 5*n - 320. What is the remainder when n is divided by 23?
19
Let d = -130 - -220. What is the remainder when (d/(-24))/(3/(-8)) is divided by 3?
1
Suppose 0*k = -k + 73. Let u = -50 + k. Suppose -v + 8 = -0*v. Calculate the remainder when u is divided by v.
7
Let k = 38 - 30. Calculate the remainder when 29 is divided by k.
5
Let k(j) = -12*j**3 + j + 1. Let h = 8 + -7. Calculate the remainder when 0 + h/(-1) + 24 is divided by k(-1).
11
Let i(x) = -x**2 - 2*x + 3. Let z be i(-3). Let u = 1 - z. Suppose -2*h + 3 = -u. What is the remainder when h is divided by 2?
0
Let f = 86 - 68. Suppose 5 = v + 18. Let m = v + f. Calculate the remainder when 9 is divided by m.
4
Let c be (-3)/(12/58)*-2. Let a be (-74)/4 + (30/(-12) - -2). Let i = c + a. What is the remainder when 29 is divided by i?
9
Suppose -3 = -3*o + 3. Let h = -11 + 8. What is the remainder when o is divided by (-7)/h + 5/(-15)?
0
Suppose 4*w - 740 = -w. Calculate the remainder when w is divided by 30.
28
Let n = -76 - -52. Let j(d) = -12*d**2 - 1. Let r be j(-1). Let o = r - n. What is the remainder when o is divided by 6?
5
Let o(k) = 3*k*